pose u - 4*u = -4*k + 35, 3*u + 3 = 0. Suppose 2*f - 5*w = k, 0*f + 2*f + 4 = -w. List the prime factors of f/((-1)/(-3)) - -31.
2, 7
Let w be 6*33*12/(-27). Let j be 16/w + 194/(-22). Let n = j + 50. What are the prime factors of n?
41
Suppose 11 = 2*g + y - 286, -4*g + 5*y = -587. Suppose -6*h + 4*h = -2*w - g, -2*h + 4*w = -158. List the prime factors of h.
3, 23
Let c be -7 + (1 - -2)*1. Let a be (3 + -3)*2/c. Suppose -4*y = -3*y - 3*f - 4, 2*f - 6 = a. What are the prime factors of y?
13
Suppose 4*l - 9 = 19. Let a = 18 - l. List the prime factors of a.
11
Let y = 1542 - -289. List the prime factors of y.
1831
Suppose -4816 = -4*j - 4*k, -5*j + 1224 = -4*j - 4*k. What are the prime factors of j?
2, 151
Suppose 3580 = 4*l + 2*y, -l + 3*y = 7*y - 881. What are the prime factors of l?
3, 13, 23
What are the prime factors of (-4 - -30)*(-1 - 9/(-6))?
13
List the prime factors of (174/4)/((-2)/(-28)).
3, 7, 29
Suppose 8 + 76 = 4*o. Let w be o/6 + (-1)/(-2). Suppose w*r - 35 = -11. What are the prime factors of r?
2, 3
Suppose 5*i - 34 = -194. List the prime factors of 0 + 4/(-4) - i.
31
Let h be (0 + 3)*(-65)/(-39). Suppose 0 = 4*m - h*m + 51. Let j = 78 - m. What are the prime factors of j?
3
Suppose 0*x + 3*x - 6 = -3*l, -3*l = 2*x - 9. Let y = l - 0. Suppose -34 = 3*s - y*s. What are the prime factors of s?
17
Let r = -211 - -729. Suppose -4*d + 5*z = -r, 3*d = -3*z + 320 + 55. What are the prime factors of d?
127
Suppose -5919 = -16*c + 4337. List the prime factors of c.
641
Let r(o) = 3 - 8*o + 12*o - 2*o + o**2. Let m be r(-2). Suppose m*g - 250 = -2*g. List the prime factors of g.
2, 5
Let y be -2 - 0/(-1) - 2. Let u(w) = -6 - 5*w**2 - 4*w - w**3 + 5*w**2 - 5*w**2 + 2*w**2. What are the prime factors of u(y)?
2, 13
Suppose 8380 = 45*o - 40*o. What are the prime factors of o?
2, 419
Suppose -4*t + 1330 + 743 = c, 2*c + 5*t - 4146 = 0. What are the prime factors of c?
3, 691
Let v(u) = u**3 - 26*u**2 + 4*u + 47. Let m be -6*(-13)/6*2. List the prime factors of v(m).
151
Let k(f) = 15*f**2 + 7*f + 7. Let p(g) = 3*g - 26. Let y be p(10). What are the prime factors of k(y)?
5, 11
Let f = 1118 - 739. What are the prime factors of f?
379
What are the prime factors of (51/68)/(4/((-19424)/(-3)))?
2, 607
Let k = 13 + -40. Let m = 75 - k. List the prime factors of m.
2, 3, 17
Let z = 10 + -10. Suppose 2*o + z*o - 4 = 0. Suppose 0 = m - o*t - 48, -6*t = m - t - 20. What are the prime factors of m?
2, 5
Let z(a) = a - 1. Let t(v) = -7*v + 6. Let d(k) = t(k) + 6*z(k). List the prime factors of d(-7).
7
Suppose -1106 + 391 = 11*r. Let h = -51 - r. List the prime factors of h.
2, 7
Let h(q) = -q**2 - 10*q - 4. Let t be h(-9). Suppose -16 - 29 = -t*d. Suppose 3*n + d = 0, 1 = -3*l - 4*n - 5. What are the prime factors of l?
2
Let r(l) = -32*l + 37. What are the prime factors of r(-10)?
3, 7, 17
Let z(b) = -2*b**3 + 2*b**2 - 2*b + 320. List the prime factors of z(0).
2, 5
Let l = 619 - 914. Let g = -207 - l. What are the prime factors of g?
2, 11
What are the prime factors of (0 - 16/24)/((-4)/1434)?
239
Let l = -110 + 239. Let y = l + 39. List the prime factors of y.
2, 3, 7
Suppose -3*j + 1372 = -1949. Suppose -g + h - 665 = -4*g, 0 = -5*g - h + j. Suppose -4*k - 71 = 2*m - g, 0 = 2*k + 4*m - 84. List the prime factors of k.
2, 3
Suppose 18*d = -33*d + 98277. What are the prime factors of d?
41, 47
Let p(f) = 2*f**2 + 1. Let w be p(1). Let b = w - 12. What are the prime factors of (b/(-2))/(10/40)?
2, 3
Suppose -2*k - 2 = 2*d, 0 = -5*k - 2*d - 7 - 10. Suppose -5*w + 57 = 2*g, -2*w = g + 2*w - 33. List the prime factors of (18/g)/(k/(-105)).
2, 3
Let q be (15/10)/((-3)/(-8)). Suppose o = i + 22, 0 = q*o - o - 6. List the prime factors of 9/2*i/(-6).
3, 5
Suppose -2912 - 38808 = -14*u. What are the prime factors of u?
2, 5, 149
Let d = 15 + -17. Let a be 2*d*15/(-12). Suppose s - 31 = -3*h, 3*h = -a*s + 157 - 62. List the prime factors of s.
2
Suppose -4*h + 2*t - 305 = -13591, 3*t = -5*h + 16602. List the prime factors of h.
3, 41
Suppose 0 = -u - 4, -4*j - 3*u - 2 = -2*j. Suppose -j*o + o + 8 = 0. Suppose -4*p + o*r = -190, -3*p + 136 = 6*r - r. List the prime factors of p.
47
Suppose 3*u + 0*u = 0. Suppose 0 = 5*m - 15, 5*q - 5*m = -u*m + 325. Suppose 40 + q = 2*r. List the prime factors of r.
2, 3
Let j = 2199 - -4921. What are the prime factors of ((-4)/10)/((-16)/j)?
2, 89
Let z be 3*3/18*-22. Let p(y) = -6*y - 6. What are the prime factors of p(z)?
2, 3, 5
Let m be (-200)/35 + (-2)/7. Let c(r) = -4*r - 6. What are the prime factors of c(m)?
2, 3
Suppose -2*b + b - 3 = 0, -2*r = -5*b + 13. What are the prime factors of 10*(4 - r/(-4))?
5
Let t be (-1 - 2)/(7/(-301)). Let b = -9 + t. Suppose 2*r - b = -16. What are the prime factors of r?
2, 13
List the prime factors of 5272/32 + (-3)/(-12).
3, 5, 11
Let q = 1245 - 829. What are the prime factors of q?
2, 13
Suppose k + 0*w + w = 4, -5*w = 5. Suppose k*p = -12 - 13, 5*p = -t. Suppose -4*i + t = -3*i. List the prime factors of i.
5
Let g(n) = -2*n**3 - 8*n**2 + 7*n + 3. Let s be g(-7). Suppose -4*p + 2*p - s = 5*m, -255 = 5*m - 5*p. Let z = m + 79. List the prime factors of z.
29
Let h(l) = 61*l - 6. What are the prime factors of h(4)?
2, 7, 17
Suppose 4*t = 4*r + 124, -t - 3*r = -2*r - 35. Suppose -2*z = z + t. Let g = 37 + z. List the prime factors of g.
2, 13
Let q(l) = 1108*l - 337. List the prime factors of q(4).
3, 5, 7, 13
Suppose 4*d = 3*y + 78, -d + 2*y + 17 = -0*d. Suppose -12*s - 792 = -d*s. List the prime factors of s.
2, 11
What are the prime factors of (-14)/(-21)*123606/28?
3, 109
Let m = 81 + -70. Suppose -680 = -m*b + 7*b. List the prime factors of b.
2, 5, 17
Let g be -1 + 6 - 1/1. Suppose g*p + 3 = 11. Suppose -2*u + 22 = -p. What are the prime factors of u?
2, 3
Suppose -725 = -11*o + 848. List the prime factors of o.
11, 13
Let c = -63 - -66. Suppose 256 = c*q + 79. List the prime factors of q.
59
Let t = -15 - -15. Suppose t = 2*q - 2 - 2. Suppose -p - 3*a = -q, 4*p - 65 = -p - 4*a. List the prime factors of p.
17
Let q be ((-21)/(-14))/(0 + (-2)/(-4)). Suppose -q*d + 155 = -439. List the prime factors of d.
2, 3, 11
Suppose a + 3 = -5*c, a - 4*c - 1 - 5 = 0. Suppose 4*o = 2*p - 15 + 47, -16 = -a*o + 3*p. What are the prime factors of o?
2
Let y be 0*((-7)/2)/7. Suppose 4*d - d - 3 = y. Suppose 5*w + 11 = d, 2*w - 40 = -q. List the prime factors of q.
2, 11
Let c(q) = q**3 + 18*q**2 + 27*q + 29. List the prime factors of c(-16).
109
Let q(b) = b**2 - 15*b - 26. Let u be q(17). Let p(j) = 11*j - 6. List the prime factors of p(u).
2, 41
Suppose 7*u + 0*u = 35. Suppose 6*z + 14 = o + z, -u*o - 4*z + 99 = 0. What are the prime factors of o?
19
Let m(j) = 7*j**2 + 17*j - 64. What are the prime factors of m(10)?
2, 13, 31
Suppose -4*c + 0*c - 3*f = -2985, f - 3723 = -5*c. List the prime factors of c.
2, 3, 31
Let p be (-6)/15 + 6/(-10). Let x(k) = -3*k - 10. Let c(b) = -b + 1. Let n(g) = p*x(g) + 5*c(g). List the prime factors of n(-14).
43
Suppose 31 = 5*w + 91. Let c be 37 + (w/(-4) - 1). Suppose -33 = -3*i + c. List the prime factors of i.
2, 3
Let i = -60 - -28. Let j be (i/112)/((-1)/7). Suppose 0 = -j*n + 8 - 2, 0 = -2*s + n + 53. List the prime factors of s.
2, 7
Let u(n) be the third derivative of -n**6/120 - 2*n**5/15 + n**4/6 + n**3/6 + 12*n**2. List the prime factors of u(-9).
2, 23
What are the prime factors of (-15)/(9 + -6) + 2663?
2, 3, 443
Let k be 18/144 - (-337)/(-8). Let i = -27 - k. List the prime factors of i.
3, 5
Let x(y) = -3*y**2 - 3*y - 3. Let i be x(-3). Let v = 44 + i. What are the prime factors of v?
23
Suppose 2*a = -h - 7 - 4, -h - 3*a = 15. What are the prime factors of (6/(-2))/(92/31 + h)?
3, 31
Let f(k) = k**2 - 10*k + 11. Let q be f(9). Suppose q*y = 2*s + 120, -4*s + 96 = 2*y - 0*y. What are the prime factors of y?
2, 7
Let s(u) = -6*u - 7. Let i be s(-2). Suppose 0 = -i*o - 45 + 270. List the prime factors of o.
3, 5
Let o = -42 - -45. Suppose 5*h - o*h = 116. What are the prime factors of h?
2, 29
Let x(v) = -v**3 + 3*v**2 + 6*v - 3. Let n be x(4). Suppose 5*d - 18 - 18 = -4*g, -n*g + 19 = 3*d. Let m = 20 - d. List the prime factors of m.
2, 3
Let j = -587 + 809. List the prime factors of j.
2, 3, 37
Suppose 0 = 3*c - 6 + 3. Suppose -2*o = 